f g.
3, 7
Suppose 3*g - 24 = 30. Suppose g = x + 11. What are the prime factors of x?
7
Suppose -f + 6*f = -2*g + 227, 2*f + 312 = 3*g. Let m = g - 64. What are the prime factors of m?
2, 3, 7
Let z(w) = -2*w**2 - 87*w - 54. What are the prime factors of z(-31)?
7, 103
Let g be (1 + 1008/(-3))*-1. Suppose -50 - g = -5*h. List the prime factors of h.
7, 11
Let b(a) = -2*a**2 + 28*a + 16. Suppose -5*h + 4*v + 52 = 0, -2*h + h = 3*v - 18. What are the prime factors of b(h)?
2
Suppose 0 = 2*b - 3 - 7. Suppose b*t + 97 = -283. Let x = 106 + t. What are the prime factors of x?
2, 3, 5
List the prime factors of (-32)/20 + 9726/10.
971
Suppose 0*q = 3*q. What are the prime factors of (5 - (q - -4))*73?
73
Let x(y) = -56*y - 3. Let v(r) = -19*r - 1. Let g(d) = -17*v(d) + 6*x(d). Let s be g(-1). What are the prime factors of (-84)/(-2) + (s - 8)?
2, 23
Let d(h) = -h**2 + 8*h + 1. Suppose -7 = 5*w + 2*b, 2*w + 2 = -0*w - b. Let l = 2 - w. List the prime factors of d(l).
2
Let n be 1 + 50/4 + 15/(-10). What are the prime factors of (-30)/2*(-92)/n?
5, 23
Let z(m) = -5*m + 289. List the prime factors of z(0).
17
Suppose 8 = 8*k - 16. Suppose -v + k*b = -116, -3*v + 2*v = 5*b - 84. List the prime factors of v.
2, 13
Let l(x) = -2*x**3 - 2*x**2 + 58. Suppose -7*c + 2*c + c = 0. List the prime factors of l(c).
2, 29
Let a = 15 + -40. Let v = a - -32. List the prime factors of v.
7
Let d(r) = -r**2 + 6*r + 18. Let x be d(8). Let w be -2 - -38 - (-2 + x). Let z = 94 - w. List the prime factors of z.
2, 29
Let b(m) = 3*m + 14. Suppose 2 - 6 = -f. Suppose 5 = f*s - 15. What are the prime factors of b(s)?
29
Suppose 8*h - 1220 = -52. Let p = 219 - h. List the prime factors of p.
73
Suppose -6*q + 15 = -3*q. Suppose -q*n - 49 = 6. Let u = 15 - n. What are the prime factors of u?
2, 13
Suppose 0 = -16*k + 327 + 1657. What are the prime factors of k?
2, 31
Let x be 44 + 4*(-2 - -1). List the prime factors of ((-4)/14)/(x/(-35) - -1).
2
Let p(h) = -h**3 + 9*h**2 + 7. Suppose v - 18 = -2*v + 3*u, 2*v = -5*u + 12. Suppose 4*r - 42 + v = 0. What are the prime factors of p(r)?
7
Let q = -10 - -13. Suppose 0 = 2*a + q*a - 40. List the prime factors of a.
2
Suppose -5*n - 10 = 3*i, 5*i + 8 = -5*n - 12. What are the prime factors of (-53 + (3 - n))*(-5)/3?
5, 17
Let n(t) = -57*t + 35. What are the prime factors of n(-13)?
2, 97
Suppose -5*g - 4*w + 20 = -8, 0 = -4*g - 5*w + 26. List the prime factors of 219/15 - g/(-10).
3, 5
Suppose 5*f - 132 = 3*f. Let p be f/(-10) - (-9)/15. What are the prime factors of 54/21*(-28)/p?
2, 3
Let k be (-4 + (-31)/(-7))*7. Suppose 5*i - 289 = k*c, 4*c + 228 = -3*i + 7*i. List the prime factors of i.
59
Suppose 1458 = 4*w - w + 4*m, m = 4*w - 1944. Suppose 124 = 2*o - w. What are the prime factors of o?
5, 61
Let y(i) = -3*i + 17. Let d be y(-11). What are the prime factors of (-2)/(-5)*1*d?
2, 5
Let m = 14 - 28. Let b be ((-24)/m)/((-8)/(-28)). Suppose -j + 13 = a, 3*j + b = 2*a + j. What are the prime factors of a?
2
Suppose 20*u + 498 = 4918. What are the prime factors of u?
13, 17
Let k = -164 + 293. Let v = -66 + k. List the prime factors of v.
3, 7
Let k(y) = -y + 5. Let q be k(5). Suppose -i + 7*z + 21 = 4*z, q = 4*i + z - 97. Suppose i = -3*t + 5*t. List the prime factors of t.
2, 3
Let j(u) = -2*u**2 - 9*u + 3. Let v(y) = -5*y**2 - 27*y + 9. Let b(t) = t - 15. Let o be b(12). Let s(f) = o*v(f) + 8*j(f). List the prime factors of s(7).
11
Suppose a + 113 - 12 = -2*l, 0 = 5*l - 2*a + 266. Let s = 218 - 128. Let t = l + s. List the prime factors of t.
2, 19
Let k(i) = 4*i**2 - 14*i + 11. List the prime factors of k(5).
41
Let a = 46 + 13. What are the prime factors of a?
59
Let l(u) = -74*u + 29. List the prime factors of l(-4).
5, 13
Let i = 3932 + -2648. List the prime factors of i.
2, 3, 107
Suppose -4*g - 3*d = -0*d - 189, 2*g - 91 = -5*d. Let t(h) = 42*h**3 + 1 - g*h**3 + 0 + 2*h. List the prime factors of t(-1).
5
Suppose 2*n + 2*l - 8 = -2*n, -5*l = 4*n - 20. Let i be 13 - (0 + (0 - n)). Let a = 41 - i. List the prime factors of a.
2, 7
Suppose -f + l + 25 = 0, -7*f + 3*l + 135 = -2*f. What are the prime factors of f?
2, 3, 5
Let t = 1755 - 1301. List the prime factors of t.
2, 227
Let y(c) = 119*c**2 - 9*c + 6. List the prime factors of y(4).
2, 937
Let w be ((-258)/4)/((-3)/4). Let r = -60 + w. What are the prime factors of r?
2, 13
Suppose -78 - 29 = h. Let l = -43 - h. What are the prime factors of l?
2
List the prime factors of (41352/40)/3 - (-6)/15.
3, 5, 23
Let w(k) = k**2 - 26*k + 50. Let j be w(24). Suppose -v = -j*v + 5*f + 270, 2*f = -2*v + 480. List the prime factors of v.
5, 7
Suppose 0 = 4*w + 5*m - 3310, -m - 746 = -w + 86. Suppose 0 = 5*d - w - 140. What are the prime factors of d?
2, 97
Let q be (1 - (-2 + -3))/(-1). Let i(d) = d + 3. Let a be i(q). List the prime factors of (1 - 4)*a + 2.
11
Let b = -4 + -3. Let p(o) = 3*o**2 + 7*o + 2. Let r be p(b). Suppose -5*h - 2*l - 30 = -115, l = 5*h - r. List the prime factors of h.
19
Suppose 47 + 1 = p + 4*q, q - 117 = -2*p. Suppose 53*h + p = 56*h. List the prime factors of h.
2, 5
Let w = -336 - -711. What are the prime factors of w?
3, 5
Let h(c) = 4*c + 467. What are the prime factors of h(0)?
467
List the prime factors of 15/6*((-20256)/(-40))/6.
211
Let o = -2 - -6. Suppose 3*h = -3*i - 0*i, o*i - 4*h = 0. Suppose i = -z + 32 - 9. List the prime factors of z.
23
Let l(b) be the second derivative of b**4/12 - 7*b**3/3 + 4*b**2 - 7*b. Let f be l(14). Suppose 4*z - 4 = 0, 2*s + 0*z = 4*z + f. List the prime factors of s.
2, 3
Let c(y) = 37*y + 18. Let j be c(6). Suppose 0 = 7*u - 2*u - j. List the prime factors of u.
2, 3
Let d = 6086 - 4231. List the prime factors of d.
5, 7, 53
Suppose 0 = -0*u + 5*u - 4*b - 6485, 3*u = 2*b + 3891. What are the prime factors of u?
1297
Suppose 6*r = -3*r. Suppose r = 4*y - 5*y + 62. List the prime factors of y.
2, 31
Suppose 3*q - 18 = 18. Suppose -q = -4*u, 3*r + 186 = 6*r + 3*u. What are the prime factors of r?
59
Let c be 2 + -2 - (-14 - -14). Suppose c = -s - s + 82. What are the prime factors of s?
41
Let b(y) = 5*y - 23. Let z be 0 - -1 - -1 - (-19 - -3). List the prime factors of b(z).
67
Let l = 25 + 47. Let d = 148 - l. Let k = d - 13. What are the prime factors of k?
3, 7
Let v(f) = f**2 - 3*f + 20. Let s = 14 - 22. What are the prime factors of v(s)?
2, 3
Suppose -3*i - 9*k = -14*k - 140, 0 = i - 5*k - 60. List the prime factors of i.
2, 5
Suppose 0 = -3*u - 101 - 124. Let d = 145 + u. What are the prime factors of d?
2, 5, 7
Let j(l) = -l**2 + 15*l - 14. Let m be j(14). Suppose m*w + w - 56 = 0. List the prime factors of w.
2, 7
Suppose 78*l - 17595 = 61*l. List the prime factors of l.
3, 5, 23
Let y(s) = -s + 5. Suppose 0*f = 2*f + 8. Let z = 4 + f. List the prime factors of y(z).
5
Let j be ((-8)/6)/(4/(-6)). Suppose 109 + 73 = 5*c - j*o, -2*o + 84 = 2*c. Let z = -17 + c. List the prime factors of z.
3, 7
Suppose -5*p + 15 = 0, -3*s + 5*s - 4*p + 12 = 0. Suppose -y - 2 + 7 = s. Suppose k - h = 16, -h + 3*h = y*k - 89. What are the prime factors of k?
19
Let l(h) = -h**3 + 7*h**2 + 4*h + 8. Suppose -5*g = t - 72, 4*g + 2*t - 27 = 33. Let i = g - 7. List the prime factors of l(i).
2, 3
Let p = 54 - 68. Let h(z) = -z**3 - 13*z**2 + 16*z + 35. List the prime factors of h(p).
7
Suppose -3*p - 2*p + 20 = 0, -5*a - 26 = -4*p. What are the prime factors of ((-2)/(-3))/(15/((-1395)/a))?
31
Let a be 148/(-8) + 3/2. Suppose 0 = 5*m - 2*r - 131, 5*m + 4*r = 3*m + 62. Let n = a + m. What are the prime factors of n?
2, 5
Suppose q = -5*h + 90, 5*q + 0 = 2*h + 342. List the prime factors of (-42)/q*(-125 - 0).
3, 5
Suppose 0 = -i + 4, 4*k - 1207 = 2*i - 191. What are the prime factors of k?
2
Let q = 5 + 327. List the prime factors of q.
2, 83
Let l = 1344 + -937. What are the prime factors of l?
11, 37
Suppose t - 650 = y + 4*y, 0 = 5*t + 2*y - 3358. List the prime factors of t.
2, 5, 67
Suppose 2*x + 15 = 5*x. Suppose -x*r + 420 - 95 = 0. List the prime factors of r.
5, 13
Suppose -3*y + 431 = 2*v, -2*v - 5*y + 232 = -193. What are the prime factors of v?
2, 5, 11
Let t = 120 + -27. Suppose -2 = -o + t. List the prime factors of o.
5, 19
Let t(o) = -147*o - 27. What are the prime factors of t(-2)?
3, 89
Suppose -o + 3*t + 4